 -10 + -2.
-13
Evaluate 18 - (8 + 3 + 3 - 5).
9
What is 14 + (-7 - 5 - 1)?
1
Evaluate -6 + 12 + 2 - 5.
3
-56 + (-38 + 0 - -72)
-22
What is 1 + 0 + (4 - (-3 - -2)) + -6?
0
Calculate 6 - (4 + -15 + 53) - -12.
-24
Calculate (3 + -11 - -2) + -2 + 2 + 20.
14
-90 + 83 + (-12 - -10 - (-36 - 0))
27
What is the value of 8 - 45 - -52 - -9?
24
Calculate 0 - -1 - (-37 - -66 - 45).
17
Evaluate -1 + 20 - (-31 + 64 + -40).
26
(7 - -16 - -3) + -12
14
What is 0 + -2 - (-17 + 9 + (0 - -3))?
3
What is -14 + 9 + -1 + -2?
-8
1 + -2 + -162 + 174 - 22
-11
What is the value of -7 + -3 - (4 - 9) - 3?
-8
What is the value of (-6 - 2) + 5 - 5 - (-5 + 2)?
-5
(-15 - 1) + (839 - 814)
9
Evaluate (0 + 5 - 7) + (10 - 6).
2
What is (7 - -1) + 1 + -5 - (-8 + 14)?
-2
Evaluate -6 + -4 - (0 + -1 + 1 + -5).
-5
18 - (-5 + -1) - (-1 - (-11 + 3))
17
Calculate -40 - 0 - (-396 - -367).
-11
What is the value of -17 - -32 - 24 - -27?
18
-22 + (71 - 20) + -12
17
What is -118 + 88 + (-1 - -19)?
-12
What is the value of -15 + (5 - -15) + -12?
-7
Evaluate 11 + -1 + (-23 - -11 - (-1 - -12)).
-13
What is 13 - -1 - (11 + 4)?
-1
What is the value of (-338 - -324) + 6 + -3 + 31?
20
(-2 + 2 + -5 - (8 - 11)) + 17
15
Calculate 9 + -3 + -8 + 14 + (0 - -2).
14
Evaluate -1 - (9 + -9 - 8).
7
What is 1 + -21 + (-72 - -87)?
-5
What is -10 - (4 - (-3 + 5 + 4))?
-8
What is (1 - 15) + (-4 - -5)?
-13
What is -32 - -9 - -11 - -24?
12
1 + -19 + 14 - (-4 + -4)
4
Evaluate 1 - (9 + (-10 - -14)) - -35.
23
What is the value of -1 + 2 - -3 - (-882 - -882)?
4
What is the value of (35 - (7 - -1 - -2)) + -9?
16
Evaluate (37 - 9 - -5) + -18 - (-1 - -3).
13
Evaluate 12 - (-15 + 13 + 2).
12
Evaluate -2 + -1 + 4 + 42 + -51.
-8
What is 11 + (-10 - -10) + -1 + (1 - 12)?
-1
Evaluate -9 - (2 + -10 - (30 + -30)) - 3.
-4
Calculate (-14 - -2) + -178 + 202.
12
What is 0 - (11 - (5 - (8 - (6 - 1))))?
-9
What is 14 + -2 + -3 + (15 - (-12 + 17))?
19
27 + (-25 - (26 + -15))
-9
(-46 - -43) + (0 - 5) - -20
12
Evaluate -4 + (-2 - -11) + 2 - (3 - 11).
15
What is (-18 - -25) + (5 - (8 - 3))?
7
Calculate 7 + (-7 - (2 + (4 - 6) + -1)).
1
Evaluate (34 - 13) + 4 + -16.
9
Evaluate -17 + 13 - (3 - (18 + 1)).
12
What is 12 - (8 + -7) - 2?
9
What is the value of (2 - 32) + -89 + 108?
-11
(-2 + 4 - -10) + -8
4
Calculate (32 - 16) + -8 + -19.
-11
Calculate -11 - -3 - (-16 - -9).
-1
41 - (73 - (46 - 5))
9
Calculate (-7 - -19 - 7 - (-1 - -17)) + 5.
-6
Calculate -1 + -11 - (-10 + (13 - 33)).
18
What is the value of 0 + -14 - (82 + -85)?
-11
Evaluate -9 + -14 + 41 - (-1 - 0 - 6).
25
(-2 - (6 - 5 - 8)) + -8 + 12
9
Evaluate 34 + -26 - 14 - (4 + 0).
-10
Evaluate 27 + (-29 - -35) + -25.
8
Calculate (-20 - 14) + (16 - -1).
-17
What is the value of -6 + ((0 - -4) + 0 - -7)?
5
What is the value of -3 + -13 - -39 - 38?
-15
What is (9 + 1 - (10 - (11 - -9))) + 5?
25
Evaluate 2 + 4 + -8 + 5.
3
What is (-142 - -135) + (3 - 15)?
-19
2 + (3 - -8 - (-11 + 2 - -9))
13
2 - ((9 - (3 + 0)) + -7)
3
Evaluate 1 - (-5 + (-2 - (5 - 12)) - -4).
-3
Calculate -34 - (67 + -35 - 37).
-29
Calculate -3 + (1 + 5 - -1).
4
-23 + (3 - -2) + 11
-7
What is the value of 2 - -10 - (7 + -16 - -9)?
12
What is the value of -33 + -26 + -25 + 55?
-29
What is (-3 + -9 + 9 - -7) + 7 + 0?
11
(0 + -1 - -1) + 1381 + -1375
6
-57 - (-15 - 21) - 3
-24
Evaluate 1 + -6 + 1 - (0 + -22 - 0).
18
Evaluate -3 - (-9 + -6 + 8 + 10) - 6.
-12
Evaluate (17 - -1) + (-74 - -52).
-4
Calculate (-8 - (-20 - -5)) + -27 + 0 - 8.
-28
Calculate (-17 - -14) + 11 + 0 + -11.
-3
What is the value of (-12 - -1) + -173 + 200?
16
What is 7 - (7 - (12 + -8 - (-2 - -2)))?
4
What is the value of -1603 + 1613 + (2 - 0) + -3?
9
What is the value of 10 + 1 + -1 - (-5 - (-37 + 25))?
3
What is (-4 - -2) + 12 - 0 - (-15 - -31)?
-6
What is -33 + (-27 - -53) - (12 + 0)?
-19
Evaluate (12 - (2 - 15)) + -23 + 21.
23
What is the value of -18 - -20 - (2 + -7)?
7
What is the value of 22 - (-1 - -7) - 7?
9
What is the value of -10 + (12 - 5) + -8 + -2 - -3?
-10
Evaluate 5 + -1 + (15 - 9) + 6.
16
Calculate -11 - (-23 - -8) - (-4 + -1) - 4.
5
1 + 7 + (13 - -2) + -22 + 13
14
What is the value of -13 + 0 + (1 - 4 - -4)?
-12
What is the value of 11 - (-21 - -17 - (-2 + -5))?
8
Calculate (-27 - -16) + (0 - -12).
1
Evaluate 3 - (2 + (-7 - -1) - (-1 + 4)).
10
What is the value of -13 + 7 - ((-8 - -4) + -2) - 1?
-1
What is -311 + 289 + 0 + -1 + 10?
-13
(2 - 4) + -15 + (-2 - -44)
25
(7 - (23 + -19)) + 5 + (0 - 0)
8
Calculate (-42 - -27) + 9 + 2 + (4 - 5).
-5
(-22 - -33) + (1 - (16 - -3))
-7
(-2 - -11) + (-26 - (13 - 22)) + 3
-5
Evaluate (-10 - -2) + (27 - 16 - 13).
-10
What is the value of 14 - (6 + 1 + -7 - (-7 + 11))?
18
Calculate (15 - (3 + 1 - -7)) + -5 - 10.
-11
What is (40 - 45) + 1 + 9 + -1?
4
What is the value of 6 + 0 + 6 + -19 + (8 - 5)?
-4
Evaluate 4 - -5 - (35 + -28) - 2.
0
3 - (-2 - (4 - 5 - -1)) - -6
11
What is 9 - (-5 - -13 - 11 - 8)?
20
What is 8 + (0 - -10 - (0 + 1))?
17
Evaluate (0 - -8) + -17 + (0 - (-7 + 5)).
-7
8 - (-17 - (-13 + 0 - (-123 + 118)))
17
What is -65 + 63 + (-3 - 0)?
-5
What is the value of -17 - (-4 + 12) - -15?
-10
Calculate 14 + (-7 - -9) + -10.
6
Evaluate (4 - 6) + -4 + 1.
-5
9 + -8 + -12 - -24
13
Evaluate -1 + -10 + 2 + 5.
-4
Calculate -12 + 4 + 16 + -13.
-5
-5 - ((-45 - (-5 - -2)) + (-22 - -23))
36
Calculate -3 + 7 - -31 - (8 + -2 + 4).
25
Calculate (6 - (-4 + -5)) + -1 + -3.
11
What is the value of -17 - (-26 - 15) - 1?
23
What is -2 + 8 - (-3 + -6)?
15
Calculate (-2 - (-4 + 2)) + -1 - (1704 - 1713).
8
(3 + -3 - 14) + (38 - 30)
-6
What is the value of (-2 - -6) + (-23 - -19) - -11?
11
What is (3 - (3 + 0 + -1)) + (-6 - -3)?
-2
(8 - (5 - -1) - 4) + 14
12
Calculate 2 + 2 + (-13 - (-16 - -15)).
-8
Calculate 17 - (41 + -30) - 36.
-30
What is 25 - (3 + 10) - -1?
13
(3 + 0 - -3) + 1 - -14
21
-2 + 3 + 4 + (-6 - 1)
-2
4 + -1 + -2 + -5 + -5
-9
Evaluate 73 - 79 - (0 - (7 + -5) - 18).
14
What is the value of -25 + (-25 - -46) - (-1 + (-7 - 2))?
6
What is -25 + (1 - (-23 + (10 - -2)))?
-13
Calculate -6 + (-5 + 1 - -2) + 29.
21
What is 6 + (3 + -1 - 14) - (5 - -1)?
-12
What is (-1 - -5) + 6 - (2 - -8) - -2?
2
What is the value of 2 + (0 - 3) + (19 - 30 - -20)?
8
Calculate 18 - (39 + (22 - 40)).
-3
What is the value of 14 + 2 - (9 + -1 - 7)?
15
Calculate 55 + -49 + (-1 - -1) + 8.
14
Evaluate -5 - (-10 - -3 - (5 + -9 + -5)).
-7
What is the value of 69 - 69 - (1 - 13)?
12
Evaluate -19 + 5 - (-8 - -4 - (37 + -40)).
-13
What is the value of 2 + 9 + -13 - -20?
18
(8 - -1) + (16 - (-41 + 69))
-3
2 - (2 + 6 - (6 + -34 + 17))
-17
(12 - (-7 + 13 - -1)) + -16
-11
13 - (5 - 7 - (5 + -1 - 10))
9
-10 - (10 - 12 - -5)
-13
Evaluate 5 - -1 - (-30 - -28).
8
1 + -7 - ((0 - 19) + -3)
16
Evaluate 0 + (-10 - -2) + 31 + -18.
5
Evaluate -1 - -17 - -12 - 15.
13
Evaluate -59 + -13 + 87 + -34.
-19
What is the value of 1 - (-2 + -8 - -20 - 16)?
7
-1 + (-3 - -7) + -6 + 7
4
11 + 1 + -7 + (6 + -24 - -28)
15
What is the value of -1 + 7 + 4 + 0 + 43 + -61?
-8
-1 - (0 - 5 - (2 + -4 - -5))
7
6 - (3 - (-9 + -1 + 10))
3
What is -19 + 7 + 49 + -22?
15
(-147 - -159) + 0 + 3 + -16
-1
Evaluate (70 - 34 - 66) + 10.
-20
Evaluate 22 + -28 + -3 + 31.
22
Evaluate (8 + 0 - (3 - (3 + -7))) + -8.
-7
Evaluate (3 + 5 - (6 + -3)) + -9.
-4
What is the value of -11 + (-2 - (1 - 0)) + 3 + -5?
-16
Calculate 60 - (45 + (-59 - -48)).
26
Evaluate -14 + (-18 + 6 - -18).
-8
Evaluate -10 + 22 - -5 - (-1 + 2 - 3).
19
What is the value of -4 + (21 - (18 - 12)) - -17?
28
What is the value of 40 - (-12 + (51 - -17))?
-16
381 + -371 - (2 - (2 - 3))
7
What is the value of 22 + (-14 - -23) - 24?
7
Calculate 18 - (28 - -40 - (17 - 4)).
-37
What is the value of 19 + (6 - 0) + 7 + -8?
24
What is the value of 2 + 2 + 1 + -20 + (-11 - 0)?
-26
What is the value of (1 - (7 + -16 + 16)) + 6 + -9?
-9
-206 + 200 + 2 + -2 - (-1 - 19)
14
Evaluate 63 + -88 - (-3 - 13).
-9
(5 - -1) + -5 + -6 + (5 - 7)
-7
What is the value of (-12 - 3) + 3 - (-36 - -11)?
13
(3 - -1) + (-42 - -45) - (-2 + 4)
5
Calculate -6 + -2 + 1 + -3 + (-47 - -43).
-14
(13 - (2 + (-3 - 1))) + (-171 - -164)
8
3 + (-2 - -11 - (-3 - -22))
-7
Evaluate (-7 + 8 + (6 - 10) - -10) + -3.
4
What is (-6 + 9 - 6) + -4?
-7
What is (-362 - -351) + (0 - -1) - -19?
9
What is the value of 6 - (-2 + 3 + 7 + -11)?
9
What is -12 + 11 + -9 + -1 + 1 - 5?
-15
What 